{"id":1658,"date":"2024-02-09T06:03:45","date_gmt":"2024-02-09T06:03:45","guid":{"rendered":"https:\/\/cleanfine.de\/?page_id=1658"},"modified":"2025-06-22T12:49:18","modified_gmt":"2025-06-22T12:49:18","slug":"geschenksets","status":"publish","type":"page","link":"https:\/\/cleanfine.de\/index.php\/geschenksets\/","title":{"rendered":"Geschenksets"},"content":{"rendered":"\t\t<div data-elementor-type=\"wp-page\" data-elementor-id=\"1658\" class=\"elementor elementor-1658\">\n\t\t\t\t\t\t<section class=\"elementor-section elementor-top-section elementor-element elementor-element-627f5d32 elementor-section-boxed elementor-section-height-default elementor-section-height-default\" data-id=\"627f5d32\" data-element_type=\"section\" data-e-type=\"section\">\n\t\t\t\t\t\t<div class=\"elementor-container elementor-column-gap-default\">\n\t\t\t\t\t<div class=\"elementor-column elementor-col-100 elementor-top-column elementor-element elementor-element-1ff8834c\" data-id=\"1ff8834c\" data-element_type=\"column\" data-e-type=\"column\">\n\t\t\t<div class=\"elementor-widget-wrap elementor-element-populated\">\n\t\t\t\t\t\t<div class=\"elementor-element elementor-element-51a8f01d elementor-widget elementor-widget-text-editor\" data-id=\"51a8f01d\" data-element_type=\"widget\" data-e-type=\"widget\" data-widget_type=\"text-editor.default\">\n\t\t\t\t<div class=\"elementor-widget-container\">\n\t\t\t\t\t\t\t\t\t<p>Bei uns k\u00f6nnt ihr auch verschiedene Geschenksets f\u00fcr eure Lieben kaufen:<\/p>\n<p><img fetchpriority=\"high\" decoding=\"async\" class=\"alignnone size-medium wp-image-1666\" src=\"https:\/\/cleanfine.de\/wp-content\/uploads\/2024\/02\/IMG_5717-225x300.jpeg\" alt=\"\" width=\"225\" height=\"300\" srcset=\"https:\/\/cleanfine.de\/wp-content\/uploads\/2024\/02\/IMG_5717-225x300.jpeg 225w, https:\/\/cleanfine.de\/wp-content\/uploads\/2024\/02\/IMG_5717-768x1024.jpeg 768w, https:\/\/cleanfine.de\/wp-content\/uploads\/2024\/02\/IMG_5717-1152x1536.jpeg 1152w, https:\/\/cleanfine.de\/wp-content\/uploads\/2024\/02\/IMG_5717-1536x2048.jpeg 1536w, https:\/\/cleanfine.de\/wp-content\/uploads\/2024\/02\/IMG_5717-scaled.jpeg 1920w\" sizes=\"(max-width: 225px) 100vw, 225px\" \/> Gutschein ab einem Wert von 20 Euro zuz\u00fcglich MWST<\/p>\n<p><img decoding=\"async\" class=\"alignnone size-medium wp-image-1667\" src=\"https:\/\/cleanfine.de\/wp-content\/uploads\/2024\/02\/IMG_5718-225x300.jpeg\" alt=\"\" width=\"225\" height=\"300\" srcset=\"https:\/\/cleanfine.de\/wp-content\/uploads\/2024\/02\/IMG_5718-225x300.jpeg 225w, https:\/\/cleanfine.de\/wp-content\/uploads\/2024\/02\/IMG_5718-768x1024.jpeg 768w, https:\/\/cleanfine.de\/wp-content\/uploads\/2024\/02\/IMG_5718-1152x1536.jpeg 1152w, https:\/\/cleanfine.de\/wp-content\/uploads\/2024\/02\/IMG_5718-1536x2048.jpeg 1536w, https:\/\/cleanfine.de\/wp-content\/uploads\/2024\/02\/IMG_5718-scaled.jpeg 1920w\" sizes=\"(max-width: 225px) 100vw, 225px\" \/>Gutschein inclusive Kaffeetasse ab einem Wert von 25 Euro zuz\u00fcglich MWST&nbsp;<\/p>\n<p><img decoding=\"async\" class=\"alignnone size-medium wp-image-1665\" src=\"https:\/\/cleanfine.de\/wp-content\/uploads\/2024\/02\/IMG_5666-225x300.jpeg\" alt=\"\" width=\"225\" height=\"300\" srcset=\"https:\/\/cleanfine.de\/wp-content\/uploads\/2024\/02\/IMG_5666-225x300.jpeg 225w, https:\/\/cleanfine.de\/wp-content\/uploads\/2024\/02\/IMG_5666-768x1024.jpeg 768w, https:\/\/cleanfine.de\/wp-content\/uploads\/2024\/02\/IMG_5666-1152x1536.jpeg 1152w, https:\/\/cleanfine.de\/wp-content\/uploads\/2024\/02\/IMG_5666-1536x2048.jpeg 1536w, https:\/\/cleanfine.de\/wp-content\/uploads\/2024\/02\/IMG_5666-scaled.jpeg 1920w\" sizes=\"(max-width: 225px) 100vw, 225px\" \/> Gutschein incl. Pl\u00fcschherzanh\u00e4nger ab einem Wert von 22 Euro zuz\u00fcglich MWST<\/p>\n<p><img loading=\"lazy\" decoding=\"async\" class=\"alignnone size-medium wp-image-1664\" src=\"https:\/\/cleanfine.de\/wp-content\/uploads\/2024\/02\/IMG_5665-225x300.jpeg\" alt=\"\" width=\"225\" height=\"300\" srcset=\"https:\/\/cleanfine.de\/wp-content\/uploads\/2024\/02\/IMG_5665-225x300.jpeg 225w, https:\/\/cleanfine.de\/wp-content\/uploads\/2024\/02\/IMG_5665-768x1024.jpeg 768w, https:\/\/cleanfine.de\/wp-content\/uploads\/2024\/02\/IMG_5665-1152x1536.jpeg 1152w, https:\/\/cleanfine.de\/wp-content\/uploads\/2024\/02\/IMG_5665-1536x2048.jpeg 1536w, https:\/\/cleanfine.de\/wp-content\/uploads\/2024\/02\/IMG_5665-scaled.jpeg 1920w\" sizes=\"(max-width: 225px) 100vw, 225px\" \/> Gutschein incl. Badeherzen ab einem Wert von 24 Euro zuz\u00fcglich MWST<\/p>\n<p><img loading=\"lazy\" decoding=\"async\" class=\"alignnone size-medium wp-image-1688\" src=\"https:\/\/cleanfine.de\/wp-content\/uploads\/2024\/02\/IMG_5741-225x300.jpeg\" alt=\"\" width=\"225\" height=\"300\" srcset=\"https:\/\/cleanfine.de\/wp-content\/uploads\/2024\/02\/IMG_5741-225x300.jpeg 225w, https:\/\/cleanfine.de\/wp-content\/uploads\/2024\/02\/IMG_5741-768x1024.jpeg 768w, https:\/\/cleanfine.de\/wp-content\/uploads\/2024\/02\/IMG_5741-1152x1536.jpeg 1152w, https:\/\/cleanfine.de\/wp-content\/uploads\/2024\/02\/IMG_5741-1536x2048.jpeg 1536w, https:\/\/cleanfine.de\/wp-content\/uploads\/2024\/02\/IMG_5741-scaled.jpeg 1920w\" sizes=\"(max-width: 225px) 100vw, 225px\" \/> Relax-Set ab einem Wert von 27 Euro zuz\u00fcglich MWST<\/p>\t\t\t\t\t\t\t\t<\/div>\n\t\t\t\t<\/div>\n\t\t\t\t\t<\/div>\n\t\t<\/div>\n\t\t\t\t\t<\/div>\n\t\t<\/section>\n\t\t\t\t<\/div>\n\t\t","protected":false},"excerpt":{"rendered":"<p>Bei uns k\u00f6nnt ihr auch verschiedene Geschenksets f\u00fcr eure Lieben kaufen: Gutschein ab einem Wert von 20 Euro zuz\u00fcglich MWST Gutschein inclusive Kaffeetasse ab einem Wert von 25 Euro zuz\u00fcglich MWST&nbsp; Gutschein incl. Pl\u00fcschherzanh\u00e4nger ab einem Wert von 22 Euro zuz\u00fcglich MWST Gutschein incl. Badeherzen ab einem Wert von 24 Euro zuz\u00fcglich MWST Relax-Set ab&hellip;<\/p>\n","protected":false},"author":4,"featured_media":0,"parent":0,"menu_order":0,"comment_status":"closed","ping_status":"closed","template":"","meta":{"footnotes":""},"class_list":["post-1658","page","type-page","status-publish","hentry"],"_links":{"self":[{"href":"https:\/\/cleanfine.de\/index.php\/wp-json\/wp\/v2\/pages\/1658","targetHints":{"allow":["GET"]}}],"collection":[{"href":"https:\/\/cleanfine.de\/index.php\/wp-json\/wp\/v2\/pages"}],"about":[{"href":"https:\/\/cleanfine.de\/index.php\/wp-json\/wp\/v2\/types\/page"}],"author":[{"embeddable":true,"href":"https:\/\/cleanfine.de\/index.php\/wp-json\/wp\/v2\/users\/4"}],"replies":[{"embeddable":true,"href":"https:\/\/cleanfine.de\/index.php\/wp-json\/wp\/v2\/comments?post=1658"}],"version-history":[{"count":13,"href":"https:\/\/cleanfine.de\/index.php\/wp-json\/wp\/v2\/pages\/1658\/revisions"}],"predecessor-version":[{"id":1845,"href":"https:\/\/cleanfine.de\/index.php\/wp-json\/wp\/v2\/pages\/1658\/revisions\/1845"}],"wp:attachment":[{"href":"https:\/\/cleanfine.de\/index.php\/wp-json\/wp\/v2\/media?parent=1658"}],"curies":[{"name":"wp","href":"https:\/\/api.w.org\/{rel}","templated":true}]}}